{"id":290,"date":"2025-03-11T16:03:40","date_gmt":"2025-03-11T15:03:40","guid":{"rendered":"https:\/\/royalretouch.de\/?page_id=290"},"modified":"2025-05-21T16:05:08","modified_gmt":"2025-05-21T14:05:08","slug":"impressum","status":"publish","type":"page","link":"https:\/\/royalretouch.de\/?page_id=290","title":{"rendered":"Impressum"},"content":{"rendered":"\t\t<div data-elementor-type=\"wp-page\" data-elementor-id=\"290\" class=\"elementor elementor-290\" data-elementor-post-type=\"page\">\n\t\t\t\t<div class=\"elementor-element elementor-element-64dbf4f3 e-flex e-con-boxed e-con e-parent\" data-id=\"64dbf4f3\" data-element_type=\"container\">\n\t\t\t\t\t<div class=\"e-con-inner\">\n\t\t\t\t<div class=\"elementor-element elementor-element-302599b2 elementor-widget elementor-widget-text-editor\" data-id=\"302599b2\" data-element_type=\"widget\" data-widget_type=\"text-editor.default\">\n\t\t\t\t<div class=\"elementor-widget-container\">\n\t\t\t\t\t\t\t\t\t<div class=\"elementor elementor-411\" data-elementor-type=\"wp-page\" data-elementor-id=\"411\" data-elementor-post-type=\"page\"><div class=\"elementor-element elementor-element-283137f e-flex e-con-boxed e-con e-parent e-lazyloaded\" data-id=\"283137f\" data-element_type=\"container\"><div class=\"e-con-inner\"><div class=\"elementor-element elementor-element-108869c elementor-widget elementor-widget-heading\" data-id=\"108869c\" data-element_type=\"widget\" data-widget_type=\"heading.default\"><div class=\"elementor-widget-container\"><h1 class=\"elementor-heading-title elementor-size-default\">Impressum\u200b<\/h1><\/div><\/div><div class=\"elementor-element elementor-element-f03f397 elementor-widget elementor-widget-text-editor\" data-id=\"f03f397\" data-element_type=\"widget\" data-widget_type=\"text-editor.default\"><div class=\"elementor-widget-container\"><p>Schulz + Co Professional Production Services GmbH<\/p><p>Hufnerstra\u00dfe 17<br \/>22083 Hamburg<\/p><p>Telefon: +49 (0)40 27 15 05-5<br \/>E-Mail: <a href=\"mailto:info@royalretouch.de\">info@royalretouch.de<\/a><\/p><p>Verantwortlich f\u00fcr den Inhalt: J\u00f6rn Bernard<\/p><p>Vertretungsberechtigter Gesch\u00e4ftsf\u00fchrer: Mathias Schulz<br \/>Registergericht: Amtsgericht Hamburg<\/p><p>Registriernummer: HRB 74 068<br \/>Umsatzsteuer-Identifikationsnummer gem\u00e4\u00df \u00a7 27 a Umsatzsteuergesetz: DE 206005029<\/p><\/div><\/div><\/div><\/div><\/div><div class=\"elementor elementor-56 elementor-location-footer\" data-elementor-type=\"footer\" data-elementor-id=\"56\" data-elementor-post-type=\"elementor_library\"><div class=\"elementor-element elementor-element-31bcc97 e-flex e-con-boxed e-con e-parent e-lazyloaded\" data-id=\"31bcc97\" data-element_type=\"container\"><div class=\"e-con-inner\">\u00a0<\/div><\/div><\/div>\t\t\t\t\t\t\t\t<\/div>\n\t\t\t\t<\/div>\n\t\t\t\t\t<\/div>\n\t\t\t\t<\/div>\n\t\t\t\t<\/div>\n\t\t","protected":false},"excerpt":{"rendered":"<p>Impressum\u200b Schulz + Co Professional Production Services GmbH Hufnerstra\u00dfe 1722083 Hamburg Telefon: +49 (0)40 27 15 05-5E-Mail: info@royalretouch.de Verantwortlich f\u00fcr den Inhalt: J\u00f6rn Bernard Vertretungsberechtigter Gesch\u00e4ftsf\u00fchrer: Mathias SchulzRegistergericht: Amtsgericht Hamburg Registriernummer: HRB 74 068Umsatzsteuer-Identifikationsnummer gem\u00e4\u00df \u00a7 27 a Umsatzsteuergesetz: DE 206005029 \u00a0<\/p>\n","protected":false},"author":1,"featured_media":0,"parent":0,"menu_order":0,"comment_status":"closed","ping_status":"closed","template":"elementor_header_footer","meta":{"footnotes":""},"class_list":["post-290","page","type-page","status-publish","hentry"],"yoast_head":"<!-- This site is optimized with the Yoast SEO plugin v25.1 - https:\/\/yoast.com\/wordpress\/plugins\/seo\/ -->\n<title>Impressum - RoyalRetouch<\/title>\n<meta name=\"robots\" content=\"index, follow, max-snippet:-1, max-image-preview:large, max-video-preview:-1\" \/>\n<link rel=\"canonical\" href=\"https:\/\/royalretouch.de\/?page_id=290\" \/>\n<meta property=\"og:locale\" content=\"de_DE\" \/>\n<meta property=\"og:type\" content=\"article\" \/>\n<meta property=\"og:title\" content=\"Impressum - RoyalRetouch\" \/>\n<meta property=\"og:description\" content=\"Impressum\u200b Schulz + Co Professional Production Services GmbH Hufnerstra\u00dfe 1722083 Hamburg Telefon: +49 (0)40 27 15 05-5E-Mail: info@royalretouch.de Verantwortlich f\u00fcr den Inhalt: J\u00f6rn Bernard Vertretungsberechtigter Gesch\u00e4ftsf\u00fchrer: Mathias SchulzRegistergericht: Amtsgericht Hamburg Registriernummer: HRB 74 068Umsatzsteuer-Identifikationsnummer gem\u00e4\u00df \u00a7 27 a Umsatzsteuergesetz: DE 206005029 \u00a0\" \/>\n<meta property=\"og:url\" content=\"https:\/\/royalretouch.de\/?page_id=290\" \/>\n<meta property=\"og:site_name\" content=\"RoyalRetouch\" \/>\n<meta property=\"article:modified_time\" content=\"2025-05-21T14:05:08+00:00\" \/>\n<meta name=\"twitter:card\" content=\"summary_large_image\" \/>\n<script type=\"application\/ld+json\" class=\"yoast-schema-graph\">{\"@context\":\"https:\/\/schema.org\",\"@graph\":[{\"@type\":\"WebPage\",\"@id\":\"https:\/\/royalretouch.de\/?page_id=290\",\"url\":\"https:\/\/royalretouch.de\/?page_id=290\",\"name\":\"Impressum - RoyalRetouch\",\"isPartOf\":{\"@id\":\"https:\/\/royalretouch.de\/#website\"},\"datePublished\":\"2025-03-11T15:03:40+00:00\",\"dateModified\":\"2025-05-21T14:05:08+00:00\",\"breadcrumb\":{\"@id\":\"https:\/\/royalretouch.de\/?page_id=290#breadcrumb\"},\"inLanguage\":\"de\",\"potentialAction\":[{\"@type\":\"ReadAction\",\"target\":[\"https:\/\/royalretouch.de\/?page_id=290\"]}]},{\"@type\":\"BreadcrumbList\",\"@id\":\"https:\/\/royalretouch.de\/?page_id=290#breadcrumb\",\"itemListElement\":[{\"@type\":\"ListItem\",\"position\":1,\"name\":\"Startseite\",\"item\":\"https:\/\/royalretouch.de\/\"},{\"@type\":\"ListItem\",\"position\":2,\"name\":\"Impressum\"}]},{\"@type\":\"WebSite\",\"@id\":\"https:\/\/royalretouch.de\/#website\",\"url\":\"https:\/\/royalretouch.de\/\",\"name\":\"RoyalRetouch\",\"description\":\"\",\"publisher\":{\"@id\":\"https:\/\/royalretouch.de\/#organization\"},\"potentialAction\":[{\"@type\":\"SearchAction\",\"target\":{\"@type\":\"EntryPoint\",\"urlTemplate\":\"https:\/\/royalretouch.de\/?s={search_term_string}\"},\"query-input\":{\"@type\":\"PropertyValueSpecification\",\"valueRequired\":true,\"valueName\":\"search_term_string\"}}],\"inLanguage\":\"de\"},{\"@type\":\"Organization\",\"@id\":\"https:\/\/royalretouch.de\/#organization\",\"name\":\"RoyalRetouch\",\"url\":\"https:\/\/royalretouch.de\/\",\"logo\":{\"@type\":\"ImageObject\",\"inLanguage\":\"de\",\"@id\":\"https:\/\/royalretouch.de\/#\/schema\/logo\/image\/\",\"url\":\"https:\/\/royalretouch.de\/wp-content\/uploads\/2025\/02\/250313_RR_Logo_07_Krone_kl.png\",\"contentUrl\":\"https:\/\/royalretouch.de\/wp-content\/uploads\/2025\/02\/250313_RR_Logo_07_Krone_kl.png\",\"width\":600,\"height\":236,\"caption\":\"RoyalRetouch\"},\"image\":{\"@id\":\"https:\/\/royalretouch.de\/#\/schema\/logo\/image\/\"}}]}<\/script>\n<!-- \/ Yoast SEO plugin. -->","yoast_head_json":{"title":"Impressum - RoyalRetouch","robots":{"index":"index","follow":"follow","max-snippet":"max-snippet:-1","max-image-preview":"max-image-preview:large","max-video-preview":"max-video-preview:-1"},"canonical":"https:\/\/royalretouch.de\/?page_id=290","og_locale":"de_DE","og_type":"article","og_title":"Impressum - RoyalRetouch","og_description":"Impressum\u200b Schulz + Co Professional Production Services GmbH Hufnerstra\u00dfe 1722083 Hamburg Telefon: +49 (0)40 27 15 05-5E-Mail: info@royalretouch.de Verantwortlich f\u00fcr den Inhalt: J\u00f6rn Bernard Vertretungsberechtigter Gesch\u00e4ftsf\u00fchrer: Mathias SchulzRegistergericht: Amtsgericht Hamburg Registriernummer: HRB 74 068Umsatzsteuer-Identifikationsnummer gem\u00e4\u00df \u00a7 27 a Umsatzsteuergesetz: DE 206005029 \u00a0","og_url":"https:\/\/royalretouch.de\/?page_id=290","og_site_name":"RoyalRetouch","article_modified_time":"2025-05-21T14:05:08+00:00","twitter_card":"summary_large_image","schema":{"@context":"https:\/\/schema.org","@graph":[{"@type":"WebPage","@id":"https:\/\/royalretouch.de\/?page_id=290","url":"https:\/\/royalretouch.de\/?page_id=290","name":"Impressum - RoyalRetouch","isPartOf":{"@id":"https:\/\/royalretouch.de\/#website"},"datePublished":"2025-03-11T15:03:40+00:00","dateModified":"2025-05-21T14:05:08+00:00","breadcrumb":{"@id":"https:\/\/royalretouch.de\/?page_id=290#breadcrumb"},"inLanguage":"de","potentialAction":[{"@type":"ReadAction","target":["https:\/\/royalretouch.de\/?page_id=290"]}]},{"@type":"BreadcrumbList","@id":"https:\/\/royalretouch.de\/?page_id=290#breadcrumb","itemListElement":[{"@type":"ListItem","position":1,"name":"Startseite","item":"https:\/\/royalretouch.de\/"},{"@type":"ListItem","position":2,"name":"Impressum"}]},{"@type":"WebSite","@id":"https:\/\/royalretouch.de\/#website","url":"https:\/\/royalretouch.de\/","name":"RoyalRetouch","description":"","publisher":{"@id":"https:\/\/royalretouch.de\/#organization"},"potentialAction":[{"@type":"SearchAction","target":{"@type":"EntryPoint","urlTemplate":"https:\/\/royalretouch.de\/?s={search_term_string}"},"query-input":{"@type":"PropertyValueSpecification","valueRequired":true,"valueName":"search_term_string"}}],"inLanguage":"de"},{"@type":"Organization","@id":"https:\/\/royalretouch.de\/#organization","name":"RoyalRetouch","url":"https:\/\/royalretouch.de\/","logo":{"@type":"ImageObject","inLanguage":"de","@id":"https:\/\/royalretouch.de\/#\/schema\/logo\/image\/","url":"https:\/\/royalretouch.de\/wp-content\/uploads\/2025\/02\/250313_RR_Logo_07_Krone_kl.png","contentUrl":"https:\/\/royalretouch.de\/wp-content\/uploads\/2025\/02\/250313_RR_Logo_07_Krone_kl.png","width":600,"height":236,"caption":"RoyalRetouch"},"image":{"@id":"https:\/\/royalretouch.de\/#\/schema\/logo\/image\/"}}]}},"_links":{"self":[{"href":"https:\/\/royalretouch.de\/index.php?rest_route=\/wp\/v2\/pages\/290","targetHints":{"allow":["GET"]}}],"collection":[{"href":"https:\/\/royalretouch.de\/index.php?rest_route=\/wp\/v2\/pages"}],"about":[{"href":"https:\/\/royalretouch.de\/index.php?rest_route=\/wp\/v2\/types\/page"}],"author":[{"embeddable":true,"href":"https:\/\/royalretouch.de\/index.php?rest_route=\/wp\/v2\/users\/1"}],"replies":[{"embeddable":true,"href":"https:\/\/royalretouch.de\/index.php?rest_route=%2Fwp%2Fv2%2Fcomments&post=290"}],"version-history":[{"count":10,"href":"https:\/\/royalretouch.de\/index.php?rest_route=\/wp\/v2\/pages\/290\/revisions"}],"predecessor-version":[{"id":607,"href":"https:\/\/royalretouch.de\/index.php?rest_route=\/wp\/v2\/pages\/290\/revisions\/607"}],"wp:attachment":[{"href":"https:\/\/royalretouch.de\/index.php?rest_route=%2Fwp%2Fv2%2Fmedia&parent=290"}],"curies":[{"name":"wp","href":"https:\/\/api.w.org\/{rel}","templated":true}]}}